{"id":266,"date":"2019-05-29T15:33:25","date_gmt":"2019-05-29T15:33:25","guid":{"rendered":"http:\/\/abendrot-bodenmais.de\/?page_id=266"},"modified":"2023-03-19T09:16:15","modified_gmt":"2023-03-19T09:16:15","slug":"home","status":"publish","type":"page","link":"http:\/\/abendrot-bodenmais.de\/","title":{"rendered":"Home"},"content":{"rendered":"\n<h3> Herzlich willkommen auf unserer Website.&nbsp;<\/h3>\n\n\n\n<div class=\"wp-container-3 wp-block-columns has-2-columns\">\n<div class=\"wp-container-1 wp-block-column\">\n<p>Verschaffen Sie sich in aller Ruhe einen Eindruck von Ihrem Ferienziel. Die Ferienwohnung Abendrot in Bodenmais ist der ideale Ausgangspunkt f\u00fcr vielf\u00e4ltige Aktivit\u00e4ten. Ob Sommer oder Winter, der Bayerische Wald bietet nahezu unbegrenzte M\u00f6glichkeiten.Herrliche Wander- und Radwandertouren, Kanufahrten auf dem Regen, Angeln, Baden, Kegeln, Tennis und vieles mehr. Im Winter finden Sie topgepflegte Loipen, Pisten und Rodelbahnen. Oder machen Sie eine Schneeschuhwanderung durch die tiefverschneiten W\u00e4lder. Erhohlung pur und abschalten vom Alltag. Das ist Bodenmais.  <\/p>\n\n\n\n<p>In den <a href=\"http:\/\/abendrot-bodenmais.de\/?page_id=131\">Bildergallerien <\/a>haben wir verschiedene Bilder der Wohnung f\u00fcr Sie zusammengestellt. <\/p>\n\n\n\n<p>Bei Interesse und weiteren Fragen nehmen Sie gerne \u00fcber unser Formular <a href=\"http:\/\/abendrot-bodenmais.de\/?page_id=20\">Kontakt <\/a>mit uns auf.  <\/p>\n<\/div>\n\n\n\n<div class=\"wp-container-2 wp-block-column\">\n<p>DTV-Ferienwohnung<br><img loading=\"lazy\" width=\"993\" height=\"189\" class=\"wp-image-374\" style=\"width: 150px;\" src=\"http:\/\/abendrot-bodenmais.de\/wp-content\/uploads\/2019\/07\/Klassifizierung_F4Sterne.png\" alt=\"\" srcset=\"http:\/\/abendrot-bodenmais.de\/wp-content\/uploads\/2019\/07\/Klassifizierung_F4Sterne.png 993w, http:\/\/abendrot-bodenmais.de\/wp-content\/uploads\/2019\/07\/Klassifizierung_F4Sterne-300x57.png 300w, http:\/\/abendrot-bodenmais.de\/wp-content\/uploads\/2019\/07\/Klassifizierung_F4Sterne-768x146.png 768w\" sizes=\"(max-width: 767px) 89vw, (max-width: 1000px) 54vw, (max-width: 1071px) 543px, 580px\" \/><\/p>\n\n\n\n<div id=\"traumfewo-ratings-269685\" class=\"tfw-rating-app\" data-language_id=\"1\" data-base_url=\"www.traum-ferienwohnungen.de\" data-listing_id=\"269685\"><a id=\"rating-link\" href=\"https:\/\/traum-ferienwohnungen.de\/269685\/#bewertungen\">Ferienwohnung Abendrot auf traum-ferienwohnungen.de<\/a> <\/div><script type=\"application\/javascript\" src=\"https:\/\/static2.traum-ferienwohnungen.de\/vmb-public\/cache\/js\/ratingWidget.js\"><\/script><script type=\"application\/javascript\">function createWidget269685() {var ratingNode = document.getElementById('traumfewo-ratings-269685');var ratingWidget = new window.tfw.RatingWidget(ratingNode);ratingWidget.throttle(\"resize\", \"optimizedResize\");window.addEventListener('resize', function() {ratingWidget.addResponsiveClasses();}, false);ratingWidget.init();}window.addEventListener(\"load\",function(event) {createWidget269685();},false);createWidget269685();<\/script>\n\n\n\n<p class=\"has-small-font-size\">Bitte \u00f6ffnen Sie die Links von &#8222;Traumferienwohnungen&#8220; in einem neuen Browser-Fenster, da sich sonst diese Seite schlie\u00dft.<\/p>\n<\/div>\n<\/div>\n\n\n\n<p>Wir freuen uns auf Sie!  <\/p>\n\n\n\n<figure class=\"wp-block-image\"><img loading=\"lazy\" width=\"966\" height=\"1024\" src=\"http:\/\/abendrot-bodenmais.de\/wp-content\/uploads\/2019\/05\/IMG_0318-1-1-966x1024.jpg\" alt=\"\" class=\"wp-image-231\" srcset=\"http:\/\/abendrot-bodenmais.de\/wp-content\/uploads\/2019\/05\/IMG_0318-1-1-966x1024.jpg 966w, http:\/\/abendrot-bodenmais.de\/wp-content\/uploads\/2019\/05\/IMG_0318-1-1-283x300.jpg 283w, http:\/\/abendrot-bodenmais.de\/wp-content\/uploads\/2019\/05\/IMG_0318-1-1-768x814.jpg 768w, http:\/\/abendrot-bodenmais.de\/wp-content\/uploads\/2019\/05\/IMG_0318-1-1.jpg 1126w\" sizes=\"(max-width: 767px) 89vw, (max-width: 1000px) 54vw, (max-width: 1071px) 543px, 580px\" \/><\/figure>\n\n\n\n<p><\/p>\n","protected":false},"excerpt":{"rendered":"<p>Herzlich willkommen auf unserer Website.&nbsp; Verschaffen Sie sich in aller Ruhe einen Eindruck von Ihrem Ferienziel. Die Ferienwohnung Abendrot in Bodenmais ist der ideale Ausgangspunkt f\u00fcr vielf\u00e4ltige Aktivit\u00e4ten. Ob Sommer oder Winter, der Bayerische Wald bietet nahezu unbegrenzte M\u00f6glichkeiten.Herrliche Wander- und Radwandertouren, Kanufahrten auf dem Regen, Angeln, Baden, Kegeln, Tennis und vieles mehr. Im Winter &hellip; <\/p>\n<p class=\"link-more\"><a href=\"http:\/\/abendrot-bodenmais.de\/\" class=\"more-link\"><span class=\"screen-reader-text\">\u201eHome\u201c<\/span> weiterlesen<\/a><\/p>\n","protected":false},"author":1,"featured_media":0,"parent":0,"menu_order":0,"comment_status":"closed","ping_status":"closed","template":"","meta":{"ngg_post_thumbnail":0},"_links":{"self":[{"href":"http:\/\/abendrot-bodenmais.de\/index.php?rest_route=\/wp\/v2\/pages\/266"}],"collection":[{"href":"http:\/\/abendrot-bodenmais.de\/index.php?rest_route=\/wp\/v2\/pages"}],"about":[{"href":"http:\/\/abendrot-bodenmais.de\/index.php?rest_route=\/wp\/v2\/types\/page"}],"author":[{"embeddable":true,"href":"http:\/\/abendrot-bodenmais.de\/index.php?rest_route=\/wp\/v2\/users\/1"}],"replies":[{"embeddable":true,"href":"http:\/\/abendrot-bodenmais.de\/index.php?rest_route=%2Fwp%2Fv2%2Fcomments&post=266"}],"version-history":[{"count":17,"href":"http:\/\/abendrot-bodenmais.de\/index.php?rest_route=\/wp\/v2\/pages\/266\/revisions"}],"predecessor-version":[{"id":454,"href":"http:\/\/abendrot-bodenmais.de\/index.php?rest_route=\/wp\/v2\/pages\/266\/revisions\/454"}],"wp:attachment":[{"href":"http:\/\/abendrot-bodenmais.de\/index.php?rest_route=%2Fwp%2Fv2%2Fmedia&parent=266"}],"curies":[{"name":"wp","href":"https:\/\/api.w.org\/{rel}","templated":true}]}}

<h3> Herzlich willkommen auf unserer Website.&nbsp;</h3>



<div class="wp-container-3 wp-block-columns has-2-columns">
<div class="wp-container-1 wp-block-column">
<p>Verschaffen Sie sich in aller Ruhe einen Eindruck von Ihrem Ferienziel. Die Ferienwohnung Abendrot in Bodenmais ist der ideale Ausgangspunkt für vielfältige Aktivitäten. Ob Sommer oder Winter, der Bayerische Wald bietet nahezu unbegrenzte Möglichkeiten.Herrliche Wander- und Radwandertouren, Kanufahrten auf dem Regen, Angeln, Baden, Kegeln, Tennis und vieles mehr. Im Winter finden Sie topgepflegte Loipen, Pisten und Rodelbahnen. Oder machen Sie eine Schneeschuhwanderung durch die tiefverschneiten Wälder. Erhohlung pur und abschalten vom Alltag. Das ist Bodenmais.  </p>



<p>In den <a href="http://abendrot-bodenmais.de/?page_id=131">Bildergallerien </a>haben wir verschiedene Bilder der Wohnung für Sie zusammengestellt. </p>



<p>Bei Interesse und weiteren Fragen nehmen Sie gerne über unser Formular <a href="http://abendrot-bodenmais.de/?page_id=20">Kontakt </a>mit uns auf.  </p>
</div>



<div class="wp-container-2 wp-block-column">
<p>DTV-Ferienwohnung<br><img loading="lazy" width="993" height="189" class="wp-image-374" style="width: 150px;" src="http://abendrot-bodenmais.de/wp-content/uploads/2019/07/Klassifizierung_F4Sterne.png" alt="" srcset="http://abendrot-bodenmais.de/wp-content/uploads/2019/07/Klassifizierung_F4Sterne.png 993w, http://abendrot-bodenmais.de/wp-content/uploads/2019/07/Klassifizierung_F4Sterne-300x57.png 300w, http://abendrot-bodenmais.de/wp-content/uploads/2019/07/Klassifizierung_F4Sterne-768x146.png 768w" sizes="(max-width: 767px) 89vw, (max-width: 1000px) 54vw, (max-width: 1071px) 543px, 580px" /></p>



<div id="traumfewo-ratings-269685" class="tfw-rating-app" data-language_id="1" data-base_url="www.traum-ferienwohnungen.de" data-listing_id="269685"><a id="rating-link" href="https://traum-ferienwohnungen.de/269685/#bewertungen">Ferienwohnung Abendrot auf traum-ferienwohnungen.de</a> </div><script type="application/javascript" src="https://static2.traum-ferienwohnungen.de/vmb-public/cache/js/ratingWidget.js"></script><script type="application/javascript">function createWidget269685() {var ratingNode = document.getElementById('traumfewo-ratings-269685');var ratingWidget = new window.tfw.RatingWidget(ratingNode);ratingWidget.throttle("resize", "optimizedResize");window.addEventListener('resize', function() {ratingWidget.addResponsiveClasses();}, false);ratingWidget.init();}window.addEventListener("load",function(event) {createWidget269685();},false);createWidget269685();</script>



<p class="has-small-font-size">Bitte öffnen Sie die Links von &#8222;Traumferienwohnungen&#8220; in einem neuen Browser-Fenster, da sich sonst diese Seite schließt.</p>
</div>
</div>



<p>Wir freuen uns auf Sie!  </p>



<figure class="wp-block-image"><img loading="lazy" width="966" height="1024" src="http://abendrot-bodenmais.de/wp-content/uploads/2019/05/IMG_0318-1-1-966x1024.jpg" alt="" class="wp-image-231" srcset="http://abendrot-bodenmais.de/wp-content/uploads/2019/05/IMG_0318-1-1-966x1024.jpg 966w, http://abendrot-bodenmais.de/wp-content/uploads/2019/05/IMG_0318-1-1-283x300.jpg 283w, http://abendrot-bodenmais.de/wp-content/uploads/2019/05/IMG_0318-1-1-768x814.jpg 768w, http://abendrot-bodenmais.de/wp-content/uploads/2019/05/IMG_0318-1-1.jpg 1126w" sizes="(max-width: 767px) 89vw, (max-width: 1000px) 54vw, (max-width: 1071px) 543px, 580px" /></figure>



<p></p>

<p>Herzlich willkommen auf unserer Website.&nbsp; Verschaffen Sie sich in aller Ruhe einen Eindruck von Ihrem Ferienziel. Die Ferienwohnung Abendrot in Bodenmais ist der ideale Ausgangspunkt für vielfältige Aktivitäten. Ob Sommer oder Winter, der Bayerische Wald bietet nahezu unbegrenzte Möglichkeiten.Herrliche Wander- und Radwandertouren, Kanufahrten auf dem Regen, Angeln, Baden, Kegeln, Tennis und vieles mehr. Im Winter &hellip; </p>
<p class="link-more"><a href="http://abendrot-bodenmais.de/" class="more-link"><span class="screen-reader-text">„Home“</span> weiterlesen</a></p>
